{"id":94,"date":"2021-08-06T12:24:43","date_gmt":"2021-08-06T10:24:43","guid":{"rendered":"https:\/\/nusta.co\/?page_id=94"},"modified":"2025-11-29T14:36:53","modified_gmt":"2025-11-29T13:36:53","slug":"contact","status":"publish","type":"page","link":"https:\/\/nusta.co\/index.php\/contact\/","title":{"rendered":"Contact"},"content":{"rendered":"\n<h2 class=\"wp-block-heading has-text-align-center has-palette-color-4-color has-text-color\" style=\"font-size:clamp(33.419px, 2.089rem + ((1vw - 3.2px) * 2.077), 60px);\">Contact <\/h2>\n\n\n\n<p class=\"has-text-align-center has-palette-color-4-color has-text-color has-link-color wp-elements-753f594486640812cae2b46469216416\" style=\"font-size:clamp(15.747px, 0.984rem + ((1vw - 3.2px) * 0.645), 24px);\">Un \u00e9v\u00e9nement \u00e0 fleurir sur la C\u00f4te d\u2019Azur ? <\/p>\n\n\n\n<p class=\"has-text-align-center has-palette-color-4-color has-text-color has-link-color wp-elements-00de6ed4d760b15a5ab66b2c8564408c\" style=\"font-size:clamp(15.747px, 0.984rem + ((1vw - 3.2px) * 0.645), 24px);\">Contactez \u00d1usta, fleuriste en atelier \u00e0 Menton. Entre po\u00e9sie et fleurs, Melissa vous accompagne avec d\u00e9licatesse et sensibilit\u00e9 pour cr\u00e9er des moments uniques et inoubliables.<\/p>\n\n\n\n<p class=\"has-text-align-center has-palette-color-4-color has-text-color\" style=\"font-size:clamp(15.747px, 0.984rem + ((1vw - 3.2px) * 0.645), 24px);\">Par message directement sur Whatsapp<\/p>\n\n\n\n<figure class=\"wp-block-image aligncenter size-medium is-resized\"><a href=\"https:\/\/wa.me\/33768840430 \"><img fetchpriority=\"high\" decoding=\"async\" width=\"300\" height=\"250\" src=\"https:\/\/nusta.co\/wp-content\/uploads\/2022\/08\/5ae21cc526c97415d3213554-300x250.png\" alt=\"\" class=\"wp-image-2632\" style=\"width:75px;height:63px\" srcset=\"https:\/\/nusta.co\/wp-content\/uploads\/2022\/08\/5ae21cc526c97415d3213554-300x250.png 300w, https:\/\/nusta.co\/wp-content\/uploads\/2022\/08\/5ae21cc526c97415d3213554-600x500.png 600w, https:\/\/nusta.co\/wp-content\/uploads\/2022\/08\/5ae21cc526c97415d3213554-1024x854.png 1024w, https:\/\/nusta.co\/wp-content\/uploads\/2022\/08\/5ae21cc526c97415d3213554-768x640.png 768w, https:\/\/nusta.co\/wp-content\/uploads\/2022\/08\/5ae21cc526c97415d3213554.png 1280w\" sizes=\"(max-width: 300px) 100vw, 300px\" \/><\/a><\/figure>\n\n\n\n<p class=\"has-text-align-center has-palette-color-4-color has-text-color\" style=\"font-size:clamp(15.747px, 0.984rem + ((1vw - 3.2px) * 0.645), 24px);\">Par mail<\/p>\n\n\n\n<figure class=\"wp-block-image aligncenter size-medium is-resized\"><a href=\"mailto:contact@nusta.co\"><img decoding=\"async\" width=\"300\" height=\"300\" src=\"https:\/\/nusta.co\/wp-content\/uploads\/2022\/11\/email-300x300.png\" alt=\"\" class=\"wp-image-2724\" style=\"width:75px;height:75px\" srcset=\"https:\/\/nusta.co\/wp-content\/uploads\/2022\/11\/email-300x300.png 300w, https:\/\/nusta.co\/wp-content\/uploads\/2022\/11\/email-100x100.png 100w, https:\/\/nusta.co\/wp-content\/uploads\/2022\/11\/email-600x600.png 600w, https:\/\/nusta.co\/wp-content\/uploads\/2022\/11\/email-1024x1024.png 1024w, https:\/\/nusta.co\/wp-content\/uploads\/2022\/11\/email-150x150.png 150w, https:\/\/nusta.co\/wp-content\/uploads\/2022\/11\/email-768x768.png 768w, https:\/\/nusta.co\/wp-content\/uploads\/2022\/11\/email.png 1080w\" sizes=\"(max-width: 300px) 100vw, 300px\" \/><\/a><\/figure>\n\n\n\n<p class=\"has-text-align-center has-palette-color-4-color has-text-color\" style=\"font-size:clamp(15.747px, 0.984rem + ((1vw - 3.2px) * 0.645), 24px);\">On se retrouve aussi sur :<\/p>\n\n\n\n<p><\/p>\n\n\n\n<ul class=\"wp-block-social-links aligncenter is-style-logos-only is-layout-flex wp-block-social-links-is-layout-flex\"><li class=\"wp-social-link wp-social-link-facebook  wp-block-social-link\"><a href=\"https:\/\/www.facebook.com\/nustafleurs\/\" class=\"wp-block-social-link-anchor\"><svg width=\"24\" height=\"24\" viewBox=\"0 0 24 24\" version=\"1.1\" xmlns=\"http:\/\/www.w3.org\/2000\/svg\" aria-hidden=\"true\" focusable=\"false\"><path d=\"M12 2C6.5 2 2 6.5 2 12c0 5 3.7 9.1 8.4 9.9v-7H7.9V12h2.5V9.8c0-2.5 1.5-3.9 3.8-3.9 1.1 0 2.2.2 2.2.2v2.5h-1.3c-1.2 0-1.6.8-1.6 1.6V12h2.8l-.4 2.9h-2.3v7C18.3 21.1 22 17 22 12c0-5.5-4.5-10-10-10z\"><\/path><\/svg><span class=\"wp-block-social-link-label screen-reader-text\">Facebook<\/span><\/a><\/li>\n\n<li class=\"wp-social-link wp-social-link-instagram  wp-block-social-link\"><a href=\"https:\/\/www.instagram.com\/nusta_fleurs\/\" class=\"wp-block-social-link-anchor\"><svg width=\"24\" height=\"24\" viewBox=\"0 0 24 24\" version=\"1.1\" xmlns=\"http:\/\/www.w3.org\/2000\/svg\" aria-hidden=\"true\" focusable=\"false\"><path d=\"M12,4.622c2.403,0,2.688,0.009,3.637,0.052c0.877,0.04,1.354,0.187,1.671,0.31c0.42,0.163,0.72,0.358,1.035,0.673 c0.315,0.315,0.51,0.615,0.673,1.035c0.123,0.317,0.27,0.794,0.31,1.671c0.043,0.949,0.052,1.234,0.052,3.637 s-0.009,2.688-0.052,3.637c-0.04,0.877-0.187,1.354-0.31,1.671c-0.163,0.42-0.358,0.72-0.673,1.035 c-0.315,0.315-0.615,0.51-1.035,0.673c-0.317,0.123-0.794,0.27-1.671,0.31c-0.949,0.043-1.233,0.052-3.637,0.052 s-2.688-0.009-3.637-0.052c-0.877-0.04-1.354-0.187-1.671-0.31c-0.42-0.163-0.72-0.358-1.035-0.673 c-0.315-0.315-0.51-0.615-0.673-1.035c-0.123-0.317-0.27-0.794-0.31-1.671C4.631,14.688,4.622,14.403,4.622,12 s0.009-2.688,0.052-3.637c0.04-0.877,0.187-1.354,0.31-1.671c0.163-0.42,0.358-0.72,0.673-1.035 c0.315-0.315,0.615-0.51,1.035-0.673c0.317-0.123,0.794-0.27,1.671-0.31C9.312,4.631,9.597,4.622,12,4.622 M12,3 C9.556,3,9.249,3.01,8.289,3.054C7.331,3.098,6.677,3.25,6.105,3.472C5.513,3.702,5.011,4.01,4.511,4.511 c-0.5,0.5-0.808,1.002-1.038,1.594C3.25,6.677,3.098,7.331,3.054,8.289C3.01,9.249,3,9.556,3,12c0,2.444,0.01,2.751,0.054,3.711 c0.044,0.958,0.196,1.612,0.418,2.185c0.23,0.592,0.538,1.094,1.038,1.594c0.5,0.5,1.002,0.808,1.594,1.038 c0.572,0.222,1.227,0.375,2.185,0.418C9.249,20.99,9.556,21,12,21s2.751-0.01,3.711-0.054c0.958-0.044,1.612-0.196,2.185-0.418 c0.592-0.23,1.094-0.538,1.594-1.038c0.5-0.5,0.808-1.002,1.038-1.594c0.222-0.572,0.375-1.227,0.418-2.185 C20.99,14.751,21,14.444,21,12s-0.01-2.751-0.054-3.711c-0.044-0.958-0.196-1.612-0.418-2.185c-0.23-0.592-0.538-1.094-1.038-1.594 c-0.5-0.5-1.002-0.808-1.594-1.038c-0.572-0.222-1.227-0.375-2.185-0.418C14.751,3.01,14.444,3,12,3L12,3z M12,7.378 c-2.552,0-4.622,2.069-4.622,4.622S9.448,16.622,12,16.622s4.622-2.069,4.622-4.622S14.552,7.378,12,7.378z M12,15 c-1.657,0-3-1.343-3-3s1.343-3,3-3s3,1.343,3,3S13.657,15,12,15z M16.804,6.116c-0.596,0-1.08,0.484-1.08,1.08 s0.484,1.08,1.08,1.08c0.596,0,1.08-0.484,1.08-1.08S17.401,6.116,16.804,6.116z\"><\/path><\/svg><span class=\"wp-block-social-link-label screen-reader-text\">Instagram<\/span><\/a><\/li>\n\n<li class=\"wp-social-link wp-social-link-google  wp-block-social-link\"><a href=\"https:\/\/g.page\/r\/CW_Qgu2eNBkGEBM\/review\" class=\"wp-block-social-link-anchor\"><svg width=\"24\" height=\"24\" viewBox=\"0 0 24 24\" version=\"1.1\" xmlns=\"http:\/\/www.w3.org\/2000\/svg\" aria-hidden=\"true\" focusable=\"false\"><path d=\"M12.02,10.18v3.72v0.01h5.51c-0.26,1.57-1.67,4.22-5.5,4.22c-3.31,0-6.01-2.75-6.01-6.12s2.7-6.12,6.01-6.12 c1.87,0,3.13,0.8,3.85,1.48l2.84-2.76C16.99,2.99,14.73,2,12.03,2c-5.52,0-10,4.48-10,10s4.48,10,10,10c5.77,0,9.6-4.06,9.6-9.77 c0-0.83-0.11-1.42-0.25-2.05H12.02z\"><\/path><\/svg><span class=\"wp-block-social-link-label screen-reader-text\">Google<\/span><\/a><\/li><\/ul>\n\n\n\n<p><\/p>\n","protected":false},"excerpt":{"rendered":"<p>Contact Un \u00e9v\u00e9nement \u00e0 fleurir sur la C\u00f4te d\u2019Azur ? Contactez \u00d1usta, fleuriste en atelier \u00e0 Menton. Entre po\u00e9sie et fleurs, Melissa vous accompagne avec d\u00e9licatesse et sensibilit\u00e9 pour cr\u00e9er des moments uniques et inoubliables. Par message directement sur Whatsapp Par mail On se retrouve aussi sur :<\/p>\n","protected":false},"author":1,"featured_media":0,"parent":0,"menu_order":0,"comment_status":"closed","ping_status":"closed","template":"","meta":{"qubely_global_settings":"","qubely_interactions":"","_monsterinsights_skip_tracking":false,"_monsterinsights_sitenote_active":false,"_monsterinsights_sitenote_note":"","_monsterinsights_sitenote_category":0,"footnotes":""},"class_list":["post-94","page","type-page","status-publish","hentry"],"blocksy_meta":{"styles_descriptor":{"styles":{"desktop":"[data-prefix=\"single_page\"] {background-position:20% 59%;background-size:cover;background-attachment:fixed;background-repeat:no-repeat;background-color:var(--theme-palette-color-1);background-image:url(https:\/\/nusta.co\/wp-content\/uploads\/2021\/09\/Copie-de-Copie-de-Avec-la-liberte-les-livres-les-fleurs-et-la-lune-qui-pourrait-ne-pas-etre-heureux-.png);} [data-prefix=\"single_page\"] [class*=\"ct-container\"] > article[class*=\"post\"] {--has-boxed:var(--true);--has-wide:var(--false);background-color:var(--has-background, var(--theme-palette-color-8));--theme-boxed-content-border-radius:3px;--theme-boxed-content-spacing:40px;--theme-boxed-content-box-shadow:0px 12px 18px -6px rgba(34, 56, 101, 0.04);}","tablet":"[data-prefix=\"single_page\"] {background-color:var(--theme-palette-color-1);background-image:none;} [data-prefix=\"single_page\"] [class*=\"ct-container\"] > article[class*=\"post\"] {--theme-boxed-content-spacing:35px;}","mobile":"[data-prefix=\"single_page\"] [class*=\"ct-container\"] > article[class*=\"post\"] {--theme-boxed-content-spacing:20px;}"},"google_fonts":[],"version":6},"page_title_panel":"","has_hero_section":"default","ea487894be2a0afd393155b3a5ac4832":"","hero_section":"type-1","hero_elements":[{"id":"custom_title","enabled":true,"heading_tag":"h1","title":"Accueil"},{"id":"custom_description","enabled":true,"description_visibility":{"desktop":true,"tablet":true,"mobile":false}},{"id":"custom_meta","enabled":false,"meta_elements":[{"id":"author","enabled":true,"label":"Par","has_author_avatar":"yes","avatar_size":25},{"id":"post_date","enabled":true,"label":"Sur","date_format_source":"default","date_format":"M j, Y"},{"id":"comments","enabled":true}],"page_meta_elements":{"joined":true,"articles_count":true,"comments":true}},{"id":"breadcrumbs","enabled":false}],"1ae4191fb10354d59395885d8ddc5474":"","hero_alignment1":"CT_CSS_SKIP_RULE","hero_margin":40,"hero_alignment2":"center","hero_vertical_alignment":"center","59ce252a315e02d11f12582238d609ab":"","hero_structure":"narrow","941029564c3d70c8e95872e53c5ed5e0":"","page_title_bg_type":"featured_image","custom_hero_background":{"attachment_id":null},"parallax":{"desktop":false,"tablet":false,"mobile":false},"bc4b251590d7ce8b7dfdadf7df072d86":"","hero_height":"250px","pageTitleFont":{"family":"Default","variation":"Default","size":{"desktop":"32px","tablet":"30px","mobile":"25px"},"line-height":"CT_CSS_SKIP_RULE","letter-spacing":"CT_CSS_SKIP_RULE","text-transform":"CT_CSS_SKIP_RULE","text-decoration":"CT_CSS_SKIP_RULE"},"pageTitleFontColor":{"default":{"color":"CT_CSS_SKIP_RULEDEFAULT"}},"pageMetaFont":{"family":"Default","variation":"n6","size":"12px","line-height":"1.3","letter-spacing":"CT_CSS_SKIP_RULE","text-transform":"uppercase","text-decoration":"CT_CSS_SKIP_RULE"},"pageMetaFontColor":{"default":{"color":"CT_CSS_SKIP_RULEDEFAULT"},"hover":{"color":"CT_CSS_SKIP_RULEDEFAULT"}},"page_meta_button_type_font_colors":{"default":{"color":"CT_CSS_SKIP_RULEDEFAULT"},"hover":{"color":"CT_CSS_SKIP_RULEDEFAULT"}},"page_meta_button_type_background_colors":{"default":{"color":"CT_CSS_SKIP_RULEDEFAULT"},"hover":{"color":"CT_CSS_SKIP_RULEDEFAULT"}},"pageExcerptFont":{"family":"Default","variation":"Default","size":"CT_CSS_SKIP_RULE","line-height":"CT_CSS_SKIP_RULE","letter-spacing":"CT_CSS_SKIP_RULE","text-transform":"CT_CSS_SKIP_RULE","text-decoration":"CT_CSS_SKIP_RULE"},"pageExcerptColor":{"default":{"color":"CT_CSS_SKIP_RULEDEFAULT"}},"breadcrumbsFont":{"family":"Default","variation":"Default","size":"CT_CSS_SKIP_RULE","line-height":"CT_CSS_SKIP_RULE","letter-spacing":"CT_CSS_SKIP_RULE","text-transform":"CT_CSS_SKIP_RULE","text-decoration":"CT_CSS_SKIP_RULE"},"breadcrumbsFontColor":{"default":{"color":"CT_CSS_SKIP_RULEDEFAULT"},"initial":{"color":"CT_CSS_SKIP_RULEDEFAULT"},"hover":{"color":"CT_CSS_SKIP_RULEDEFAULT"}},"pageTitleOverlay":{"default":{"color":"CT_CSS_SKIP_RULE"}},"pageTitleBackground":{"background_type":"color","background_pattern":"type-1","background_image":{"attachment_id":null,"x":0,"y":0},"gradient":"linear-gradient(135deg,rgba(6,147,227,1) 0%,rgb(155,81,224) 100%)","background_repeat":"no-repeat","background_size":"auto","background_attachment":"scroll","patternColor":{"default":{"color":"#e5e7ea"}},"overlayColor":{"default":{"color":"CT_CSS_SKIP_RULE"}},"backgroundColor":{"default":{"color":"var(--theme-palette-color-6)"}}},"pageTitlePadding":{"top":"50px","bottom":"50px","left":"auto","right":"auto","linked":true},"c05ef52895e34c09e82c4507e84c7109":"","page_structure_type":"type-4","937d4701a33f1f902cfc68c75949934e":"","content_style_source":"custom","content_style":{"0":"w","1":"i","2":"d","3":"e","desktop":"boxed","tablet":"boxed","mobile":"boxed","__changed":[]},"vertical_spacing_source":"custom","content_area_spacing":"both","background":{"background_type":{"background_type":"color","background_pattern":"type-1","background_image":{"attachment_id":null,"x":0,"y":0},"gradient":"linear-gradient(135deg,rgba(6,147,227,1) 0%,rgb(155,81,224) 100%)","background_repeat":"no-repeat","background_size":"auto","background_attachment":"scroll","patternColor":{"default":{"color":"#e5e7ea"}},"overlayColor":{"default":{"color":"CT_CSS_SKIP_RULE"}},"backgroundColor":{"default":{"color":"var(--theme-palette-color-1)"}}},"background_pattern":{"background_type":"color","background_pattern":"type-1","background_image":{"attachment_id":null,"x":0,"y":0},"gradient":"linear-gradient(135deg,rgba(6,147,227,1) 0%,rgb(155,81,224) 100%)","background_repeat":"no-repeat","background_size":"auto","background_attachment":"scroll","patternColor":{"default":{"color":"#e5e7ea"}},"overlayColor":{"default":{"color":"CT_CSS_SKIP_RULE"}},"backgroundColor":{"default":{"color":"var(--theme-palette-color-1)"}}},"background_image":{"background_type":"color","background_pattern":"type-1","background_image":{"attachment_id":null,"x":0,"y":0},"gradient":"linear-gradient(135deg,rgba(6,147,227,1) 0%,rgb(155,81,224) 100%)","background_repeat":"no-repeat","background_size":"auto","background_attachment":"scroll","patternColor":{"default":{"color":"#e5e7ea"}},"overlayColor":{"default":{"color":"CT_CSS_SKIP_RULE"}},"backgroundColor":{"default":{"color":"var(--theme-palette-color-1)"}}},"gradient":{"background_type":"color","background_pattern":"type-1","background_image":{"attachment_id":null,"x":0,"y":0},"gradient":"linear-gradient(135deg,rgba(6,147,227,1) 0%,rgb(155,81,224) 100%)","background_repeat":"no-repeat","background_size":"auto","background_attachment":"scroll","patternColor":{"default":{"color":"#e5e7ea"}},"overlayColor":{"default":{"color":"CT_CSS_SKIP_RULE"}},"backgroundColor":{"default":{"color":"var(--theme-palette-color-1)"}}},"background_repeat":{"background_type":"color","background_pattern":"type-1","background_image":{"attachment_id":null,"x":0,"y":0},"gradient":"linear-gradient(135deg,rgba(6,147,227,1) 0%,rgb(155,81,224) 100%)","background_repeat":"no-repeat","background_size":"auto","background_attachment":"scroll","patternColor":{"default":{"color":"#e5e7ea"}},"overlayColor":{"default":{"color":"CT_CSS_SKIP_RULE"}},"backgroundColor":{"default":{"color":"var(--theme-palette-color-1)"}}},"background_size":{"background_type":"color","background_pattern":"type-1","background_image":{"attachment_id":null,"x":0,"y":0},"gradient":"linear-gradient(135deg,rgba(6,147,227,1) 0%,rgb(155,81,224) 100%)","background_repeat":"no-repeat","background_size":"auto","background_attachment":"scroll","patternColor":{"default":{"color":"#e5e7ea"}},"overlayColor":{"default":{"color":"CT_CSS_SKIP_RULE"}},"backgroundColor":{"default":{"color":"var(--theme-palette-color-1)"}}},"background_attachment":{"background_type":"color","background_pattern":"type-1","background_image":{"attachment_id":null,"x":0,"y":0},"gradient":"linear-gradient(135deg,rgba(6,147,227,1) 0%,rgb(155,81,224) 100%)","background_repeat":"no-repeat","background_size":"auto","background_attachment":"scroll","patternColor":{"default":{"color":"#e5e7ea"}},"overlayColor":{"default":{"color":"CT_CSS_SKIP_RULE"}},"backgroundColor":{"default":{"color":"var(--theme-palette-color-1)"}}},"patternColor":{"background_type":"color","background_pattern":"type-1","background_image":{"attachment_id":null,"x":0,"y":0},"gradient":"linear-gradient(135deg,rgba(6,147,227,1) 0%,rgb(155,81,224) 100%)","background_repeat":"no-repeat","background_size":"auto","background_attachment":"scroll","patternColor":{"default":{"color":"#e5e7ea"}},"overlayColor":{"default":{"color":"CT_CSS_SKIP_RULE"}},"backgroundColor":{"default":{"color":"var(--theme-palette-color-1)"}}},"overlayColor":{"background_type":"color","background_pattern":"type-1","background_image":{"attachment_id":null,"x":0,"y":0},"gradient":"linear-gradient(135deg,rgba(6,147,227,1) 0%,rgb(155,81,224) 100%)","background_repeat":"no-repeat","background_size":"auto","background_attachment":"scroll","patternColor":{"default":{"color":"#e5e7ea"}},"overlayColor":{"default":{"color":"CT_CSS_SKIP_RULE"}},"backgroundColor":{"default":{"color":"var(--theme-palette-color-1)"}}},"backgroundColor":{"background_type":"color","background_pattern":"type-1","background_image":{"attachment_id":null,"x":0,"y":0},"gradient":"linear-gradient(135deg,rgba(6,147,227,1) 0%,rgb(155,81,224) 100%)","background_repeat":"no-repeat","background_size":"auto","background_attachment":"scroll","patternColor":{"default":{"color":"#e5e7ea"}},"overlayColor":{"default":{"color":"CT_CSS_SKIP_RULE"}},"backgroundColor":{"default":{"color":"var(--theme-palette-color-1)"}}},"desktop":{"background_type":"image","background_pattern":"type-1","background_image":{"attachment_id":1390,"x":"0.20","y":"0.59","url":"http:\/\/nusta.co\/wp-content\/uploads\/2021\/09\/Copie-de-Copie-de-Avec-la-liberte-les-livres-les-fleurs-et-la-lune-qui-pourrait-ne-pas-etre-heureux--1024x577.png"},"gradient":"linear-gradient(135deg,rgba(6,147,227,1) 0%,rgb(155,81,224) 100%)","background_repeat":"no-repeat","background_size":"cover","background_attachment":"fixed","patternColor":{"default":{"color":"#e5e7ea"}},"overlayColor":{"default":{"color":"CT_CSS_SKIP_RULE"}},"backgroundColor":{"default":{"color":"var(--theme-palette-color-1)"}}},"tablet":{"background_type":"color","background_pattern":"type-1","background_image":{"attachment_id":null,"x":0,"y":0},"gradient":"linear-gradient(135deg,rgba(6,147,227,1) 0%,rgb(155,81,224) 100%)","background_repeat":"no-repeat","background_size":"auto","background_attachment":"scroll","patternColor":{"default":{"color":"#e5e7ea"}},"overlayColor":{"default":{"color":"CT_CSS_SKIP_RULE"}},"backgroundColor":{"default":{"color":"var(--theme-palette-color-1)"}}},"mobile":{"background_type":"color","background_pattern":"type-1","background_image":{"attachment_id":null,"x":0,"y":0},"gradient":"linear-gradient(135deg,rgba(6,147,227,1) 0%,rgb(155,81,224) 100%)","background_repeat":"no-repeat","background_size":"auto","background_attachment":"scroll","patternColor":{"default":{"color":"#e5e7ea"}},"overlayColor":{"default":{"color":"CT_CSS_SKIP_RULE"}},"backgroundColor":{"default":{"color":"var(--theme-palette-color-1)"}}},"__changed":["tablet","mobile"]},"content_background":{"background_type":"color","background_pattern":"type-1","background_image":{"attachment_id":null,"x":0,"y":0},"gradient":"linear-gradient(135deg,rgba(6,147,227,1) 0%,rgb(155,81,224) 100%)","background_repeat":"no-repeat","background_size":"auto","background_attachment":"scroll","patternColor":{"default":{"color":"#e5e7ea"}},"overlayColor":{"default":{"color":"CT_CSS_SKIP_RULE"}},"backgroundColor":{"default":{"color":"var(--theme-palette-color-8)"}}},"content_boxed_shadow":{"inherit":false,"blur":18,"spread":-6,"v_offset":12,"h_offset":0,"inset":false,"enable":true,"color":{"color":"rgba(34, 56, 101, 0.04)"}},"boxed_content_spacing":{"desktop":{"top":"40px","bottom":"40px","left":"40px","right":"40px","linked":true},"tablet":{"top":"35px","bottom":"35px","left":"35px","right":"35px","linked":true},"mobile":{"top":"20px","bottom":"20px","left":"20px","right":"20px","linked":true}},"content_boxed_radius":{"top":"3px","bottom":"3px","left":"3px","right":"3px","linked":true},"e0d34690f08df68e6017a5d43acef689":"","disable_featured_image":"no","disable_header":"yes","disable_footer":"no","92e9744f874aec5a6bd477dcd5019e64":"","7719cf8f5887915ba10829a3057c2684":"","fdc07d7b9cc2c7527a089689dc08330f":"","5cb3c3f9e92de147b75bbae4bdcfafc0":"","a12c3d0860953f56516d39143bfc80a3":"","ca8a711f1cf8908057730972d401ea20":"","084685df2709696e661a902a3e5098d8":"","388f5ee2abb328f7833108bafb1db0a0":"","adf87e7c32a66883c61ab2eb3ed5824c":"","f1b1b16611815e8b4cb3ec9ea3ee1f1d":"","e681f1cafef2df6c5f41fe6ce1a9c416":"","0dcc1a7446ae13ab09e7faea7aeefec4":"","c3fb26e11f7a92cac14f012d6d0e4cf5":"","63863de1f8966512646d75468c973d1e":"","faf64e12f6377f4160715885e4e3a891":"","cbc99ec2eedf83c67f5839feb5a5f525":"","cd5bb7473e6d0bd6ddd75825f5a9a037":"","6caf65bbbb2a0f8973ada3162b227e29":"","ff01e3645356886cdf13eea6a3c6cab6":"","590ce4dfa3d947c18fe7b831265c1434":"","4079a99759005650489587e0a672d2b8":"","cbd575a236715092cca219648b2c224a":"","848ad92a46f44c4240a602694a05adb1":"","c0c7e57e6b774077bcf8614e50d0f167":"","22310a279b843fca39bdf76ec34c6ee1":"","676498d670691e1845d81512295e3acb":"","d348ba39f75b7dc50eb5639a19ed07eb":"","be4d0bbb7b4a8a5755cb30af86d6a15f":"","f2aec0be5da70f5aa163704f8df0ebbb":"","0ff98856088a2d1faf2ff37ff0315887":"","255a51f2569722bac18a13d82f459ce3":"","b9ef65091f20dac69e6e25db22709e47":"","7b6f1fa2ba9d71e40487c49dbd81b44a":"","7428cf79109a5393df69beb4e0836d55":"","78f317ab6f4daf48daa609ce125b2345":"","4df497203f1b6b9b24736d7d4dded0d6":"","6457a6c455a2e98de66548f026192407":"","2efba05869f2f830fb8fd995bf9d4df8":"","567301ee4c01dd32287ffb5b1b0b1ee6":"","17a6a1b89f21085f20341f36f0552dd2":"","07992ba6f899e995379065d6da9232d6":"","1130acee672237d9c74d1f2b43827351":"","af66e2045ac331a496b0dc24c98fbaf5":"","c02d675f6b240aac386558865bbd361f":"","1e3db5cca9cd1a291d4230402eeb621c":"","0fa0aa5bc10900f750bd69f2ac3b76c6":"","933b54c1210217a037d14eb367a59a39":"","b0582a2e067176803ce16e2f05dbf516":"","9d0abb9f7de60933ca33207d963064af":"","d8f4c4d683e90f162ddb6d2d1c6fda15":"","dfd029d129801832647f91e47706ad25":"","d7cfe02b38b5745ab34cfa2c50754d8b":"","592ea95b83c0d408323ab22f1628dfbb":"","4d41811d9be024f310de747b2953a684":"","53092d6762d3beb574ab59f28d936a40":"","ea16a18102372daeb7277c0e906db58e":"","02839c1dc9aea5d6e46a2f7fedaad158":"","a096b527bc4047c7a851a05ecfeb594b":"","f03003c718977bd8ee98c4e0b5cb3345":"","54827e07eb84280da674a8c533a1a3c2":"","4087824eb7a7324c39552cda273c7286":"","e5bf85f27b05994f97b7fcee612c5dac":"","ddfa037dc1349822c58a6e69c806903d":"","8ed749e45e50b866390705e68bcead3f":"","a4703e93d2f5f2993a4aeb1cfa388d48":"","9cde53dcc8d4da5233eea1060ca6a2a6":"","5b9973414c21f4c402a248809240a17f":"","fbce5b3bfb11c070025adfba4c745d93":"","9463e8d4dda9e13285bfed48dc6f3f79":"","d3441d634c86697a01d8ddd90c525a48":"","484302aea73d4c7e2fd83aaf7d94d069":"","ea5a0cf8ffcd74595c836104b1c5b06c":"","a031460357e12cfca184990fc92142de":"","4bf976514df1196104c9c58008db54bb":"","26bae2693a5a26f70f54fa46a2b1331f":"","33bf664ad399692b99771dc6b40378c3":"","274aa0ab2bb2708b965cb916bb29e839":"","1f211b6ea9ae676a3e31e13d062ed961":"","fb3d524c3f614850c37b9678d8c9f5b4":"","a915e9537a9cd65d308fa415c5544f8c":"","b9a7f8d11cbedfa4f54c8e8b7633d346":"","7f43194149aaed1a6f9850ddb5e1afa0":"","fae273ffc293660ffc5bfc91fcb065ba":"","9688a10e347c9e921c7c06c997714d8d":"","5ccd3efbe3404db5ab9b6c0af2997ead":"","54fb2447072874c210b939c3f35ca220":"","a309816c6a26c79ae8502aee03108a1f":"","a2a78781a33fb9acda13f157ecb0635b":"","4028eb4b37f5d92cceb68594d32edb4d":"","4ed0c23c6b4b91250f8528e6f83cb87e":"","7cf546530dfbc08b25c3e11cd09e2112":"","c8609d9e55ad76868c175b0e76b0a5ea":"","710c4023a9f7ce6aa0147b4ad28f2adf":"","0894453b562a204b45d218cf3b3bc3b2":"","a8c14e7741672ce0e2b5b0691ddbc34e":"","c733fa14b04e3a4e3a8b5c3a9db49206":"","ff02d92ac841dd94afa9fed8273feeaf":"","cb4bd123e92c777563ea827a21bb4df3":"","098c6b6c7143ef9015e3713cca44845d":"","57dde5c87deb0508526244234335b0ae":"","6a110846f9ac4d3e37b9ad75bd214899":"","551f977216d8c209f0507eaad7bc2d68":"","d92c6d1f548b1b730162806a64004870":"","9e9ad5264d1ababf3efdd156b4871dff":"","a1d6b09b7a91347590824a9016432ebe":"","ee3b3cd2cd837b91beff1fd19a442432":"","c7a7866e1bc072476b344494c742bab5":"","cc4b71419ec9a924d58d04e1658e213e":"","6b7c38856294ac67dcca0bf8d0c6c4d7":"","9238c572fb73ffc7f4c03a3f4b648a6f":"","4ccc2085605f08ccfdbacce78f5cc181":"","b2a9ff8c9623541fb288062bc5ec058b":"","ffd9fe036b09abf5f68f56a8369393c1":"","7dc7bd0ff7493ba1233603c8975e4dab":"","cc1b3ec7b19ab5c0d5063cdcbe587547":"","5b2ab3d5d57184761dd935132b356603":"","d64f4b2735c646495df5d051f52fda60":"","3a9a19092e52fff716c6c662e5d9ed44":"","2283c1f04c75642322a171f0c74ba45e":"","e3a4ce4c4da65040df05dbc52b90918c":"","d77fdeaaa9901b13f794136da449e87b":"","0641b0a2028963ec205f829a1951785f":"","d7637f48bba50cf2399f099930a971c4":"","e593b8075ed2a275f503b1ba6e102ef3":"","5c22bc25338f3c3775b79afa3dd3eea0":"","c4786c6ebe2ac391ce446e92aa3a73f7":"","e597796162f96849fc7e18fc6146044b":"","770a34ddab1a8bf77c0ff7086e14837a":"","9fcfa1dc810ce1341dd098fbde8327e8":"","92d2aed483b89d5eeec3ed1fadf78388":"","f2f61c8ceb9e01729b49988b7bbc1b83":"","edd42622be8337bf23f9e8fc039bb0a4":"","b2f972518d9c12b6066d0597f9b91e65":"","6eb68da7dbf0441e3eaacba4572acb3d":"","8b22cf72557dba8de8ed5deb4e5b2b17":"","691f327b1c74a12e09d3ebbe083e64a5":"","ba625b844390981791a1392f17c3a220":"","920c693b073dd915dae156c1394ede6b":"","cf9032d3952c97da426d5eba66b2aba0":"","ac6ad3d5df1903ff8ec85b8289bd9e57":"","241d14068b5d92d0d91d55ea0b4c3629":"","ee760a53e4ebb4de051c52689f508bf0":"","f34cc81a776bf85a952c8adbfda764ad":"","6e359543ba090836ee75bc8552213d3a":""},"_links":{"self":[{"href":"https:\/\/nusta.co\/index.php\/wp-json\/wp\/v2\/pages\/94","targetHints":{"allow":["GET"]}}],"collection":[{"href":"https:\/\/nusta.co\/index.php\/wp-json\/wp\/v2\/pages"}],"about":[{"href":"https:\/\/nusta.co\/index.php\/wp-json\/wp\/v2\/types\/page"}],"author":[{"embeddable":true,"href":"https:\/\/nusta.co\/index.php\/wp-json\/wp\/v2\/users\/1"}],"replies":[{"embeddable":true,"href":"https:\/\/nusta.co\/index.php\/wp-json\/wp\/v2\/comments?post=94"}],"version-history":[{"count":149,"href":"https:\/\/nusta.co\/index.php\/wp-json\/wp\/v2\/pages\/94\/revisions"}],"predecessor-version":[{"id":3791,"href":"https:\/\/nusta.co\/index.php\/wp-json\/wp\/v2\/pages\/94\/revisions\/3791"}],"wp:attachment":[{"href":"https:\/\/nusta.co\/index.php\/wp-json\/wp\/v2\/media?parent=94"}],"curies":[{"name":"wp","href":"https:\/\/api.w.org\/{rel}","templated":true}]}}